se -4*l - 4*d + 86432 = 0, 0 = -3*l + 64*d - 66*d + 64817. What is the hundreds digit of l?
6
Let u(t) = -8016*t + 123. What is the units digit of u(-1)?
9
Let k be ((-1098)/(-21))/(-6 - 129/(-21)). Let z = 934 - k. What is the tens digit of z?
6
Suppose 8 = k + 5. Suppose x + 6 = -h, -x = 2*h - k*x. Let y(o) = -3*o**3 + o**2 + 5*o - 3. What is the tens digit of y(h)?
7
Let f(g) = -g**3 + 11*g**2 + 1. Let b be f(10). Let m = 105 + b. What is the units digit of m?
6
Let s be (-4)/(-22) + -5 + (-456)/(-33). Suppose s*o - 121 = 1643. What is the units digit of o?
6
Let g be 5 - (3 - (53 - 8)). Let n(j) = 27*j**2 + 1. Let d be n(-2). Let z = d - g. What is the units digit of z?
2
What is the tens digit of (-3)/(-2)*4234560/720?
2
Let u = 13422 - 3789. What is the units digit of u?
3
Let u be (-4)/6*77/(-14)*21. Let w = 8 + u. Suppose 5 = z, -q - q = -z - w. What is the tens digit of q?
4
Let k be ((-1)/(-1))/((-4)/3600*-4). Let a be (k/50)/(3*2/(-8)). What is the tens digit of 0/(-2 - a) + 28?
2
Let o be (4/6*-1)/(2/(-3)). Let k = -2 + o. Let s(n) = -70*n - 3. What is the units digit of s(k)?
7
Let u = -34 + 39. Let o(q) = 225*q - 226*q + 9*q**2 + 0*q**2 + u. What is the tens digit of o(2)?
3
Let k(w) = -2*w**3 + 44*w**2 - 31*w - 155. What is the hundreds digit of k(18)?
8
Let m = -353 + 357. Suppose 5*c + 7*p - 632 = 4*p, 2*c - m*p = 258. What is the tens digit of c?
2
Let v = -137 - -170. Suppose -34*d + 225 = -v*d. What is the hundreds digit of d?
2
Suppose 2*t + 70 = 54. What is the tens digit of 202*1 + (-6)/12*t?
0
Let t be (-94503)/136 - 2/16. What is the tens digit of ((-40)/25*-1)/((-1)/t)?
1
Suppose -21*x - 9612 = -25*x. Suppose -12 = 4*j, -5*m = -j - 0*j - x. Suppose -m = -15*v + 5*v. What is the units digit of v?
8
Suppose 0 = 2*a - 4659 - 2361. Suppose -8*m - 646 = -a. Suppose -m = -5*g - 0*g + 4*r, -5*r = -2*g + 133. What is the units digit of g?
4
Let k(m) = -6*m**2 - m + 541. Let f be k(0). Let q = -356 + f. What is the hundreds digit of q?
1
Let q(v) = -2*v**2 - 29*v - 22. Let u be q(-13). Suppose 0 = -5*n + u*n - 48. Suppose -332 = -2*f - n*i, -5*i + 0*i - 465 = -3*f. What is the tens digit of f?
6
Let b be (-170)/(-50) + (-2)/5. Suppose m + 1093 = 5*i, b*i + 154 - 819 = -4*m. What is the tens digit of i?
1
Suppose 8*b - 448 + 48 = 0. Let i = b - 46. Suppose 0 = 2*o + 4*r - 38, -i*o + 0*r + 67 = -r. What is the tens digit of o?
1
Let j be 14 - (1 + -1 - 4). Suppose -10 - j = -7*g. Suppose -x + 85 = 4*o, g*o - x - 82 = x. What is the tens digit of o?
2
Let p = 264 - -17515. What is the thousands digit of p?
7
Let k(w) = 71*w - 28. Let z be k(-16). What is the tens digit of (21/(-14) - -1)*z?
8
Suppose 8*o = 71 + 9. Suppose -11*a = -o*a - 201. What is the units digit of a?
1
Let x be (-84)/(-49) + 10/35. Suppose x*a + 3*a - 5*r - 120 = 0, -4 = 4*r. What is the tens digit of a?
2
Suppose -129740 = -45*z + 88240. What is the thousands digit of z?
4
Let z = 130983 + -91423. What is the units digit of z?
0
Let a(g) = -15*g - 27. Let j be a(-5). Suppose -2*b - 5*s - j + 321 = 0, -5*b + 5*s + 735 = 0. What is the units digit of b?
4
Let m(y) = -188*y**3 + 2*y**2 + 42*y + 162. What is the ten thousands digit of m(-4)?
1
What is the units digit of 56162/10 - (1344/80)/14?
5
Let t(z) = 6*z**2 + 4 - 8 - 3 - 7*z. Let h be t(-5). Suppose -j - h = -3*g - 3*j, -2*g + 3*j + 110 = 0. What is the units digit of g?
8
Suppose y - 641 = -4*q, 2*q - 2 - 2 = 0. What is the tens digit of y?
3
Let n(q) = -10*q**2 - 50*q - 134. Let p be (-10)/3 + (-3)/(-9). Let h(b) = -2*b**2 - 10*b - 27. Let w(s) = p*n(s) + 14*h(s). What is the tens digit of w(-8)?
7
Let f(r) = 17*r + 28. Let k(d) = 4*d**2 - 10*d - 9. Let m be k(-2). What is the tens digit of f(m)?
8
Let m = -20 - -63. Suppose 0 = 44*o - m*o - 56. Let g = 49 + o. What is the units digit of g?
5
Suppose -18 = -5*l - 3*a, -4*l - 4*a + 2*a = -14. Suppose -l*v + 1327 = -1268. What is the units digit of v?
5
Let r(c) = -c**3 - 6*c**2 - 8*c - 21. Let w be r(-5). What is the units digit of 41 - (-48)/72*w/(-4)?
2
Let y(l) = 4*l**2 + 25*l + 556. What is the thousands digit of y(-66)?
6
Let o(s) = 2*s**2 + 15*s - 6. Let j be o(-8). Suppose 4*x - 22 = -j. Suppose x*y - 168 = b, -3*y = -8*y + 5*b + 160. What is the tens digit of y?
3
Suppose 3*c + 141778 = 8*m, -5*m + c - 17725 = -6*m. What is the hundreds digit of m?
7
Let f(c) = c**3 - 4*c + 4. Let j(d) = d**2 + 2*d + 3. Let i be j(-2). Suppose t + i*q - 9 = -1, 0 = -q + 2. What is the units digit of f(t)?
4
Let r(j) = -7*j**2 + 304*j + 261. What is the hundreds digit of r(38)?
7
Suppose -9*q = -1 - 17. Suppose -q*f = -494 + 38. What is the tens digit of f?
2
Suppose -3*l = 5*b - 3253, -2116 - 2232 = -4*l - 4*b. What is the units digit of l?
1
Let g be (-20)/60*18/2. Let i be (15 + g)*(-66)/(-9). Suppose 13*n = 9*n + i. What is the units digit of n?
2
Let d(m) = -35*m - 769. What is the thousands digit of d(-55)?
1
Let f(c) be the second derivative of c**5/10 - 17*c**3/6 + 6*c**2 - 90*c. What is the hundreds digit of f(5)?
1
Let m(i) = 32*i**2 + 134*i - 203. What is the thousands digit of m(-28)?
1
Suppose -194650 + 82766 = -21*g + 196270. What is the hundreds digit of g?
6
Let f(k) = 1461*k**2 - 91*k + 1. What is the units digit of f(4)?
3
Let v(x) = 61*x - 54. Suppose -60 = -9*r - r. What is the units digit of v(r)?
2
What is the tens digit of (-1165412)/(-210) - 4/(-14) - (-418)/3135?
5
Let q(i) = 1 + 42*i**2 + 2*i - 65*i**2 + 33*i**2 - 3. Let h(l) = -l**2 + 27*l + 4. Let s be h(27). What is the hundreds digit of q(s)?
1
Let m(o) be the third derivative of -12*o**2 - 1/30*o**5 - 1/120*o**6 - 1/6*o**4 + 1/6*o**3 + 0 + 0*o. What is the tens digit of m(-3)?
2
Suppose -4*a - 555 = u, 3*a + 0*u = 2*u - 430. Let p = 482 - a. What is the hundreds digit of p?
6
Suppose 13 = 15*b + 43. What is the units digit of b/(-3) + (-103880)/(-168)?
9
Let w(a) = 3*a**3 - 10*a**2 - 2*a + 47. What is the tens digit of w(25)?
2
Let f = -623 - -3774. Suppose 4*g = 5*y + f, -11*y + 6*y = -3*g + 2357. What is the units digit of g?
4
Suppose l = 42 + 25. Suppose -145 + l = -3*n. What is the hundreds digit of (n/(-10) - 1)/((-6)/200)?
1
Let w(o) = -o**3 - 11*o**2 - 27*o - 19. Let l = -110 + 96. What is the units digit of w(l)?
7
Let w be (0 - 3) + 9/(18/20). Suppose d - 6656 = -w*d. What is the hundreds digit of d?
8
Let l be 8 + -5 + (-2 - 0). Suppose 0 = -r + 1 + l. Suppose 0 = w + r*w - 246. What is the units digit of w?
2
Let o = 936 + -561. Let c = o + -77. What is the units digit of c?
8
Suppose -3*k - 23 = 4*q, 3*q = 5*k - q + 49. Suppose -69 = 4*d - 37. Let h = d - k. What is the units digit of h?
1
Let i be (-281)/((-2)/3 + 63/54). What is the tens digit of (i/16)/((-7)/56)?
8
Suppose 12*c = u + 2*c - 192, 0 = 4*u + 5*c - 993. What is the hundreds digit of u?
2
Let y = 6927 - -5508. What is the tens digit of y?
3
Let c = 742 - 188. Suppose 0 = 5*j - 10, 3*k = -j - 162 + c. What is the tens digit of k?
3
Let p(u) be the third derivative of 7*u**5/60 - 33*u**4/8 - 9*u**3/2 - 196*u**2. What is the units digit of p(22)?
3
Let s = 73 - 72. Suppose 0 = -u + 3*f + 18, -5*u - s = 4*f + 4. What is the tens digit of (-186)/(-9)*u*(-1)/(-2)?
3
Suppose -85414 = 63*m - 303534 - 115843. What is the hundreds digit of m?
3
Let q = 56 + -54. Suppose -q*s + 358 = 3*s - 4*m, 5*m + 220 = 3*s. Suppose 0 = -h + 3*r + s, r = -0*r - 4. What is the tens digit of h?
5
What is the units digit of 22171 + (1 + -7 + 7)*-9?
2
Let u be -4*(3/(-18))/(4/6). What is the hundreds digit of -7*(-13 + -6)*u?
1
Let u(s) = s**2 + 2*s - 4. Let q be u(-4). Suppose -2*d - 182 = q*i, 0 = -d - i - 2*i - 94. Let h = d - -177. What is the units digit of h?
2
Let q = -35255 - -52722. What is the tens digit of q?
6
Let g = -2144 - -12833. What is the hundreds digit of g?
6
Let p = 220 + -113. Let i = 107 - p. Suppose i = -3*m + 4*w - 26 + 246, -3*m = -3*w - 216. What is the units digit of m?
8
Let z = -357 + 361. What is the hundreds digit of z/(-32) + (-5 - (-14833)/8)?
8
Let f(h) = 13*h**2 - 40*h - 22. What is the hundreds digit of f(-15)?
5
Let j be 41427 + 23 + -2 + -1. What is the tens digit of j/62 + (-2)/4?
6
Let s be -2571*(-20)/42 + 8/(-28). Suppose 1824 + s = 3*j. What is the thousands digit of j?
1
Suppose 21*h +